{"id":91,"date":"2021-07-07T10:51:32","date_gmt":"2021-07-07T08:51:32","guid":{"rendered":"https:\/\/declicjeunes83.fr\/home\/?page_id=91"},"modified":"2021-10-19T16:10:08","modified_gmt":"2021-10-19T14:10:08","slug":"politique-de-confidentialite","status":"publish","type":"page","link":"https:\/\/declicjeunes83.fr\/home\/?page_id=91","title":{"rendered":"Politique de confidentialit\u00e9"},"content":{"rendered":"\n<style type=\"text\/css\" data-created_by=\"avia_inline_auto\" id=\"style-css-av-pqdr-a219f665eb63c10d0f80742e329fa56a\">\n.flex_column.av-pqdr-a219f665eb63c10d0f80742e329fa56a{\n-webkit-border-radius:00px 00px 00px 00px;\n-moz-border-radius:00px 00px 00px 00px;\nborder-radius:00px 00px 00px 00px;\npadding:50px 0px 0px 0px;\n}\n<\/style>\n<div class='flex_column av-pqdr-a219f665eb63c10d0f80742e329fa56a av_one_full  avia-builder-el-0  el_before_av_codeblock  avia-builder-el-first  first flex_column_div '     ><section  class='av_textblock_section av-kqth73x2-db33357994616b8a7a9539682573ddb6'  itemscope=\"itemscope\" itemtype=\"https:\/\/schema.org\/CreativeWork\" ><div class='avia_textblock'  itemprop=\"text\" ><h4><strong> Introduction<\/strong><\/h4>\n<p>La pr\u00e9sente section d\u00e9crit comment la pr\u00e9fecture du Var collecte et traite les donn\u00e9es personnelles concernant votre utilisation de l&rsquo;application <strong>D\u00e9clic Jeunes 83<\/strong><\/p>\n<p>La protection de vos donn\u00e9es personnelles est importante pour nous. Nous nous engageons \u00e0 ne collecter que les donn\u00e9es n\u00e9cessaire pour <strong>un usage statistique et permettre le dialogue avec les administrateurs de la pr\u00e9fecture du var. <\/strong>Afin de vous assurer un service optimal, et en assurer la confidentialit\u00e9 et la s\u00e9curit\u00e9.<\/p>\n<h4>Utilisation des donn\u00e9es personnelles collect\u00e9es<\/h4>\n<p><!-- \/wp:post-content --><\/p>\n<p><!-- wp:heading {\"level\":3} --><\/p>\n<div class=\"texte\">\n<p><strong>Principe et cadre juridique<\/strong><br class=\"autobr\" \/>La pr\u00e9fecture du Var collecte et traite les donn\u00e9es des usagers avec transparence, confidentialit\u00e9 et s\u00e9curit\u00e9, dans le respect des r\u00e9glementations europ\u00e9ennes et fran\u00e7aises qui lui sont applicables :<\/p>\n<ul class=\"spip\">\n<li>le r\u00e8glement (UE) 2016\/679 du Parlement europ\u00e9en du 27 avril 2016\u00a0;<\/li>\n<li>la loi n\u00b078-17 du 6 janvier 1978 relative \u00e0 l\u2019informatique, aux fichiers et aux libert\u00e9s (\u00ab\u00a0loi informatique et libert\u00e9s\u00a0\u00bb), modifi\u00e9e.<\/li>\n<\/ul>\n<p><strong>Origine des donn\u00e9es statistiques collect\u00e9es<\/strong><br class=\"autobr\" \/>Les donn\u00e9es <strong>statistiques<\/strong> sont collect\u00e9es directement aupr\u00e8s des usagers, lorsque ceux-ci utilisent l\u2019un des services suivants :<\/p>\n<ul class=\"spip\">\n<li>l&rsquo;application <strong>D\u00e9clic Jeunes 83<\/strong><\/li>\n<\/ul>\n<p><strong>Informations sp\u00e9cifiques que nous collections<\/strong><br class=\"autobr\" \/>Chaque service limite la collecte des donn\u00e9es au strict n\u00e9cessaire (minimisation des donn\u00e9es) pour un <strong>usage statistique<\/strong>. Lors de l\u2019utilisation d\u2019un des services mentionn\u00e9s ci-dessus :<\/p>\n<ul class=\"spip\">\n<li>L&rsquo;application <strong>g\u00e9n\u00e8re une ID unique<\/strong> pour chaque nouveau utilisateur. (exemple: SNFDWxxxxxx). aucune information concernant l&rsquo;adresse mail, nom, pr\u00e9nom, num\u00e9ro de t\u00e9l\u00e9phone ne sera collect\u00e9.<\/li>\n<li>L&rsquo;<strong>ID unique<\/strong>, <strong>le pseudo et l&rsquo;image du pseudo<\/strong> servira uniquement pour dialoguer avec les services administratif de la pr\u00e9fecture du var par le biais des services : Proposition de bons plans, d&rsquo;actualit\u00e9 et les demandes d&rsquo;informations via le Chatbot<\/li>\n<li>Le <strong>nombre de connexion<\/strong> et<strong> d&rsquo;ouverture de l&rsquo;application.<\/strong><\/li>\n<li>La <strong>langue par d\u00e9faut de votre smartphone<\/strong><\/li>\n<li>Le <strong>mod\u00e8le du t\u00e9l\u00e9phone<\/strong> (Exemple : iPhone 11.2)<\/li>\n<li>Le <strong>syst\u00e8me d&rsquo;exploitation<\/strong> du smartphone (Exemple : Android ou iOS).<\/li>\n<li>La <strong>date d&rsquo;installation<\/strong> <strong>de l&rsquo;application<\/strong> et <strong>la date de votre derni\u00e8re connexion<\/strong><\/li>\n<li>La fr\u00e9quence d&rsquo;utilisation des <strong>th\u00e9matiques de l&rsquo;application<\/strong>, pr\u00e9cis\u00e9ment <strong>le nombre de fois que vous consultez la page<\/strong> :\n<ul class=\"spip\">\n<li>Je m&rsquo;oriente, je me forme<\/li>\n<li>Je cherche un stage, un emploi<\/li>\n<li>Je cherche un logement<\/li>\n<li>Je me d\u00e9place en France, ou \u00e0 l\u2019\u00e9tranger<\/li>\n<li>Je m&rsquo;informe sur ma sant\u00e9<\/li>\n<li>Je m&rsquo;informe pour am\u00e9liorer mon quotidien<\/li>\n<li>Je m&rsquo;investis<\/li>\n<li>Bons plans et actus \u00e0 partager<\/li>\n<li>N\u00b0 d&rsquo;urgence<\/li>\n<li>Chatbot<\/li>\n<\/ul>\n<\/li>\n<\/ul>\n<p><strong>S\u00e9curit\u00e9 des donn\u00e9es<\/strong><br class=\"autobr\" \/>Les donn\u00e9es recueillies dans le cadre <strong>des usages statistiques et de communication<\/strong> sont trait\u00e9es selon des protocoles s\u00e9curis\u00e9s, conform\u00e9ment \u00e0 la politique de s\u00e9curit\u00e9 des syst\u00e8mes d\u2019information de l\u2019\u00c9tat (PSSIE).<\/p>\n<p><strong>Droits des usagers<\/strong><br class=\"autobr\" \/>Conform\u00e9ment au cadre juridique en vigueur, les usagers de l&rsquo;application disposent des droits d\u2019acc\u00e8s, de rectification, d\u2019effacement des donn\u00e9es, ainsi que du droit d\u2019opposition au traitement des donn\u00e9es pour des raisons tenant \u00e0 leur situation particuli\u00e8re.<\/p>\n<p>Pour toute information ou exercice de leurs droits sur les traitements de donn\u00e9es personnelles mis en \u0153uvre par la pr\u00e9fecture du Var, les usagers peuvent s\u2019adresser par courrier \u00e0\u00a0: Monsieur le pr\u00e9fet \u2013 Pr\u00e9fecture du Var \u2013 CS 31209 \u2013 83070 TOULON CEDEX<br class=\"autobr\" \/>ou par courriel \u00e0\u00a0: pref-donnees-personnelles@var.gouv.fr<\/p>\n<p><strong>R\u00e9clamation<\/strong><br class=\"autobr\" \/>Les traitements de donn\u00e9es personnelles mis en \u0153uvre par la pr\u00e9fecture du Var sont contr\u00f4l\u00e9s par le d\u00e9l\u00e9gu\u00e9 \u00e0 la protection des donn\u00e9es du minist\u00e8re de l\u2019int\u00e9rieur\u00a0:<br class=\"autobr\" \/>D\u00e9l\u00e9gu\u00e9 minist\u00e9riel \u00e0 la protection des donn\u00e9es \u2013 minist\u00e8re de l\u2019int\u00e9rieur \u2013 Place Beauvau \u2013 75800 PARIS CEDEX 08.<br class=\"autobr\" \/>Pour toute r\u00e9clamation, les usagers peuvent s\u2019adresser \u00e0 la commission nationale de l\u2019informatique et des libert\u00e9s (CNIL)\u00a0:<\/p>\n<ul class=\"spip\">\n<li>en ligne\u00a0: <a class=\"spip_url spip_out auto external\" title=\"(nouvelle fenetre)\" href=\"https:\/\/www.cnil.fr\/fr\/plaintes\" target=\"_blank\" rel=\"external noopener\">https:\/\/www.cnil.fr\/fr\/plaintes<\/a><\/li>\n<li>ou par \u00e9crit\u00a0: CNIL &#8211; 3 place de Fontenoy \u2013 TSA 80715 \u2013 75334 PARIS CEDEX 07<\/li>\n<li><a href=\"http:\/\/www.var.gouv.fr\/\">Site de la pr\u00e9fecture du var<\/a><\/li>\n<\/ul>\n<\/div>\n<\/div><\/section><\/div>\r\n","protected":false},"excerpt":{"rendered":"","protected":false},"author":1,"featured_media":0,"parent":0,"menu_order":0,"comment_status":"closed","ping_status":"closed","template":"","meta":{"footnotes":""},"class_list":["post-91","page","type-page","status-publish","hentry"],"yoast_head":"<!-- This site is optimized with the Yoast SEO plugin v27.4 - https:\/\/yoast.com\/product\/yoast-seo-wordpress\/ -->\n<title>Politique de confidentialit\u00e9 - Declic Jeunes 83<\/title>\n<meta name=\"robots\" content=\"index, follow, max-snippet:-1, max-image-preview:large, max-video-preview:-1\" \/>\n<link rel=\"canonical\" href=\"https:\/\/declicjeunes83.fr\/home\/?page_id=91\" \/>\n<meta property=\"og:locale\" content=\"fr_FR\" \/>\n<meta property=\"og:type\" content=\"article\" \/>\n<meta property=\"og:title\" content=\"Politique de confidentialit\u00e9 - Declic Jeunes 83\" \/>\n<meta property=\"og:url\" content=\"https:\/\/declicjeunes83.fr\/home\/?page_id=91\" \/>\n<meta property=\"og:site_name\" content=\"Declic Jeunes 83\" \/>\n<meta property=\"article:modified_time\" content=\"2021-10-19T14:10:08+00:00\" \/>\n<meta name=\"twitter:card\" content=\"summary_large_image\" \/>\n<meta name=\"twitter:label1\" content=\"Dur\u00e9e de lecture estim\u00e9e\" \/>\n\t<meta name=\"twitter:data1\" content=\"4 minutes\" \/>\n<script type=\"application\/ld+json\" class=\"yoast-schema-graph\">{\"@context\":\"https:\\\/\\\/schema.org\",\"@graph\":[{\"@type\":\"WebPage\",\"@id\":\"https:\\\/\\\/declicjeunes83.fr\\\/home\\\/?page_id=91\",\"url\":\"https:\\\/\\\/declicjeunes83.fr\\\/home\\\/?page_id=91\",\"name\":\"Politique de confidentialit\u00e9 - Declic Jeunes 83\",\"isPartOf\":{\"@id\":\"https:\\\/\\\/declicjeunes83.fr\\\/home\\\/#website\"},\"datePublished\":\"2021-07-07T08:51:32+00:00\",\"dateModified\":\"2021-10-19T14:10:08+00:00\",\"breadcrumb\":{\"@id\":\"https:\\\/\\\/declicjeunes83.fr\\\/home\\\/?page_id=91#breadcrumb\"},\"inLanguage\":\"fr-FR\",\"potentialAction\":[{\"@type\":\"ReadAction\",\"target\":[\"https:\\\/\\\/declicjeunes83.fr\\\/home\\\/?page_id=91\"]}]},{\"@type\":\"BreadcrumbList\",\"@id\":\"https:\\\/\\\/declicjeunes83.fr\\\/home\\\/?page_id=91#breadcrumb\",\"itemListElement\":[{\"@type\":\"ListItem\",\"position\":1,\"name\":\"Accueil\",\"item\":\"https:\\\/\\\/declicjeunes83.fr\\\/home\\\/\"},{\"@type\":\"ListItem\",\"position\":2,\"name\":\"Politique de confidentialit\u00e9\"}]},{\"@type\":\"WebSite\",\"@id\":\"https:\\\/\\\/declicjeunes83.fr\\\/home\\\/#website\",\"url\":\"https:\\\/\\\/declicjeunes83.fr\\\/home\\\/\",\"name\":\"Declic Jeunes 83\",\"description\":\"Une application pour aider les jeunes de 14 \u00e0 25 ans, \u00e0 mieux se rep\u00e9rer et s\u2019orienter dans leur parcours d\u2019insertion sociale et professionnelle\",\"potentialAction\":[{\"@type\":\"SearchAction\",\"target\":{\"@type\":\"EntryPoint\",\"urlTemplate\":\"https:\\\/\\\/declicjeunes83.fr\\\/home\\\/?s={search_term_string}\"},\"query-input\":{\"@type\":\"PropertyValueSpecification\",\"valueRequired\":true,\"valueName\":\"search_term_string\"}}],\"inLanguage\":\"fr-FR\"}]}<\/script>\n<!-- \/ Yoast SEO plugin. -->","yoast_head_json":{"title":"Politique de confidentialit\u00e9 - Declic Jeunes 83","robots":{"index":"index","follow":"follow","max-snippet":"max-snippet:-1","max-image-preview":"max-image-preview:large","max-video-preview":"max-video-preview:-1"},"canonical":"https:\/\/declicjeunes83.fr\/home\/?page_id=91","og_locale":"fr_FR","og_type":"article","og_title":"Politique de confidentialit\u00e9 - Declic Jeunes 83","og_url":"https:\/\/declicjeunes83.fr\/home\/?page_id=91","og_site_name":"Declic Jeunes 83","article_modified_time":"2021-10-19T14:10:08+00:00","twitter_card":"summary_large_image","twitter_misc":{"Dur\u00e9e de lecture estim\u00e9e":"4 minutes"},"schema":{"@context":"https:\/\/schema.org","@graph":[{"@type":"WebPage","@id":"https:\/\/declicjeunes83.fr\/home\/?page_id=91","url":"https:\/\/declicjeunes83.fr\/home\/?page_id=91","name":"Politique de confidentialit\u00e9 - Declic Jeunes 83","isPartOf":{"@id":"https:\/\/declicjeunes83.fr\/home\/#website"},"datePublished":"2021-07-07T08:51:32+00:00","dateModified":"2021-10-19T14:10:08+00:00","breadcrumb":{"@id":"https:\/\/declicjeunes83.fr\/home\/?page_id=91#breadcrumb"},"inLanguage":"fr-FR","potentialAction":[{"@type":"ReadAction","target":["https:\/\/declicjeunes83.fr\/home\/?page_id=91"]}]},{"@type":"BreadcrumbList","@id":"https:\/\/declicjeunes83.fr\/home\/?page_id=91#breadcrumb","itemListElement":[{"@type":"ListItem","position":1,"name":"Accueil","item":"https:\/\/declicjeunes83.fr\/home\/"},{"@type":"ListItem","position":2,"name":"Politique de confidentialit\u00e9"}]},{"@type":"WebSite","@id":"https:\/\/declicjeunes83.fr\/home\/#website","url":"https:\/\/declicjeunes83.fr\/home\/","name":"Declic Jeunes 83","description":"Une application pour aider les jeunes de 14 \u00e0 25 ans, \u00e0 mieux se rep\u00e9rer et s\u2019orienter dans leur parcours d\u2019insertion sociale et professionnelle","potentialAction":[{"@type":"SearchAction","target":{"@type":"EntryPoint","urlTemplate":"https:\/\/declicjeunes83.fr\/home\/?s={search_term_string}"},"query-input":{"@type":"PropertyValueSpecification","valueRequired":true,"valueName":"search_term_string"}}],"inLanguage":"fr-FR"}]}},"_links":{"self":[{"href":"https:\/\/declicjeunes83.fr\/home\/index.php?rest_route=\/wp\/v2\/pages\/91","targetHints":{"allow":["GET"]}}],"collection":[{"href":"https:\/\/declicjeunes83.fr\/home\/index.php?rest_route=\/wp\/v2\/pages"}],"about":[{"href":"https:\/\/declicjeunes83.fr\/home\/index.php?rest_route=\/wp\/v2\/types\/page"}],"author":[{"embeddable":true,"href":"https:\/\/declicjeunes83.fr\/home\/index.php?rest_route=\/wp\/v2\/users\/1"}],"replies":[{"embeddable":true,"href":"https:\/\/declicjeunes83.fr\/home\/index.php?rest_route=%2Fwp%2Fv2%2Fcomments&post=91"}],"version-history":[{"count":5,"href":"https:\/\/declicjeunes83.fr\/home\/index.php?rest_route=\/wp\/v2\/pages\/91\/revisions"}],"predecessor-version":[{"id":146,"href":"https:\/\/declicjeunes83.fr\/home\/index.php?rest_route=\/wp\/v2\/pages\/91\/revisions\/146"}],"wp:attachment":[{"href":"https:\/\/declicjeunes83.fr\/home\/index.php?rest_route=%2Fwp%2Fv2%2Fmedia&parent=91"}],"curies":[{"name":"wp","href":"https:\/\/api.w.org\/{rel}","templated":true}]}}

Politique de confidentialité

<style type="text/css" data-created_by="avia_inline_auto" id="style-css-av-pqdr-a219f665eb63c10d0f80742e329fa56a">
.flex_column.av-pqdr-a219f665eb63c10d0f80742e329fa56a{
-webkit-border-radius:00px 00px 00px 00px;
-moz-border-radius:00px 00px 00px 00px;
border-radius:00px 00px 00px 00px;
padding:50px 0px 0px 0px;
}
</style>
<div class='flex_column av-pqdr-a219f665eb63c10d0f80742e329fa56a av_one_full  avia-builder-el-0  el_before_av_codeblock  avia-builder-el-first  first flex_column_div '     ><section  class='av_textblock_section av-kqth73x2-db33357994616b8a7a9539682573ddb6'  itemscope="itemscope" itemtype="https://schema.org/CreativeWork" ><div class='avia_textblock'  itemprop="text" ><h4><strong> Introduction</strong></h4>
<p>La présente section décrit comment la préfecture du Var collecte et traite les données personnelles concernant votre utilisation de l&rsquo;application <strong>Déclic Jeunes 83</strong></p>
<p>La protection de vos données personnelles est importante pour nous. Nous nous engageons à ne collecter que les données nécessaire pour <strong>un usage statistique et permettre le dialogue avec les administrateurs de la préfecture du var. </strong>Afin de vous assurer un service optimal, et en assurer la confidentialité et la sécurité.</p>
<h4>Utilisation des données personnelles collectées</h4>
<p><!-- /wp:post-content --></p>
<p><!-- wp:heading {"level":3} --></p>
<div class="texte">
<p><strong>Principe et cadre juridique</strong><br class="autobr" />La préfecture du Var collecte et traite les données des usagers avec transparence, confidentialité et sécurité, dans le respect des réglementations européennes et françaises qui lui sont applicables :</p>
<ul class="spip">
<li>le règlement (UE) 2016/679 du Parlement européen du 27 avril 2016 ;</li>
<li>la loi n°78-17 du 6 janvier 1978 relative à l’informatique, aux fichiers et aux libertés (« loi informatique et libertés »), modifiée.</li>
</ul>
<p><strong>Origine des données statistiques collectées</strong><br class="autobr" />Les données <strong>statistiques</strong> sont collectées directement auprès des usagers, lorsque ceux-ci utilisent l’un des services suivants :</p>
<ul class="spip">
<li>l&rsquo;application <strong>Déclic Jeunes 83</strong></li>
</ul>
<p><strong>Informations spécifiques que nous collections</strong><br class="autobr" />Chaque service limite la collecte des données au strict nécessaire (minimisation des données) pour un <strong>usage statistique</strong>. Lors de l’utilisation d’un des services mentionnés ci-dessus :</p>
<ul class="spip">
<li>L&rsquo;application <strong>génère une ID unique</strong> pour chaque nouveau utilisateur. (exemple: SNFDWxxxxxx). aucune information concernant l&rsquo;adresse mail, nom, prénom, numéro de téléphone ne sera collecté.</li>
<li>L&rsquo;<strong>ID unique</strong>, <strong>le pseudo et l&rsquo;image du pseudo</strong> servira uniquement pour dialoguer avec les services administratif de la préfecture du var par le biais des services : Proposition de bons plans, d&rsquo;actualité et les demandes d&rsquo;informations via le Chatbot</li>
<li>Le <strong>nombre de connexion</strong> et<strong> d&rsquo;ouverture de l&rsquo;application.</strong></li>
<li>La <strong>langue par défaut de votre smartphone</strong></li>
<li>Le <strong>modèle du téléphone</strong> (Exemple : iPhone 11.2)</li>
<li>Le <strong>système d&rsquo;exploitation</strong> du smartphone (Exemple : Android ou iOS).</li>
<li>La <strong>date d&rsquo;installation</strong> <strong>de l&rsquo;application</strong> et <strong>la date de votre dernière connexion</strong></li>
<li>La fréquence d&rsquo;utilisation des <strong>thématiques de l&rsquo;application</strong>, précisément <strong>le nombre de fois que vous consultez la page</strong> :
<ul class="spip">
<li>Je m&rsquo;oriente, je me forme</li>
<li>Je cherche un stage, un emploi</li>
<li>Je cherche un logement</li>
<li>Je me déplace en France, ou à l’étranger</li>
<li>Je m&rsquo;informe sur ma santé</li>
<li>Je m&rsquo;informe pour améliorer mon quotidien</li>
<li>Je m&rsquo;investis</li>
<li>Bons plans et actus à partager</li>
<li>N° d&rsquo;urgence</li>
<li>Chatbot</li>
</ul>
</li>
</ul>
<p><strong>Sécurité des données</strong><br class="autobr" />Les données recueillies dans le cadre <strong>des usages statistiques et de communication</strong> sont traitées selon des protocoles sécurisés, conformément à la politique de sécurité des systèmes d’information de l’État (PSSIE).</p>
<p><strong>Droits des usagers</strong><br class="autobr" />Conformément au cadre juridique en vigueur, les usagers de l&rsquo;application disposent des droits d’accès, de rectification, d’effacement des données, ainsi que du droit d’opposition au traitement des données pour des raisons tenant à leur situation particulière.</p>
<p>Pour toute information ou exercice de leurs droits sur les traitements de données personnelles mis en œuvre par la préfecture du Var, les usagers peuvent s’adresser par courrier à : Monsieur le préfet – Préfecture du Var – CS 31209 – 83070 TOULON CEDEX<br class="autobr" />ou par courriel à : pref-donnees-personnelles@var.gouv.fr</p>
<p><strong>Réclamation</strong><br class="autobr" />Les traitements de données personnelles mis en œuvre par la préfecture du Var sont contrôlés par le délégué à la protection des données du ministère de l’intérieur :<br class="autobr" />Délégué ministériel à la protection des données – ministère de l’intérieur – Place Beauvau – 75800 PARIS CEDEX 08.<br class="autobr" />Pour toute réclamation, les usagers peuvent s’adresser à la commission nationale de l’informatique et des libertés (CNIL) :</p>
<ul class="spip">
<li>en ligne : <a class="spip_url spip_out auto external" title="(nouvelle fenetre)" href="https://www.cnil.fr/fr/plaintes" target="_blank" rel="external noopener">https://www.cnil.fr/fr/plaintes</a></li>
<li>ou par écrit : CNIL &#8211; 3 place de Fontenoy – TSA 80715 – 75334 PARIS CEDEX 07</li>
<li><a href="http://www.var.gouv.fr/">Site de la préfecture du var</a></li>
</ul>
</div>
</div></section></div>

<!-- This site is optimized with the Yoast SEO plugin v27.4 - https://yoast.com/product/yoast-seo-wordpress/ -->
<title>Politique de confidentialité - Declic Jeunes 83</title>
<meta name="robots" content="index, follow, max-snippet:-1, max-image-preview:large, max-video-preview:-1" />
<link rel="canonical" href="https://declicjeunes83.fr/home/?page_id=91" />
<meta property="og:locale" content="fr_FR" />
<meta property="og:type" content="article" />
<meta property="og:title" content="Politique de confidentialité - Declic Jeunes 83" />
<meta property="og:url" content="https://declicjeunes83.fr/home/?page_id=91" />
<meta property="og:site_name" content="Declic Jeunes 83" />
<meta property="article:modified_time" content="2021-10-19T14:10:08+00:00" />
<meta name="twitter:card" content="summary_large_image" />
<meta name="twitter:label1" content="Durée de lecture estimée" />
	<meta name="twitter:data1" content="4 minutes" />
<script type="application/ld+json" class="yoast-schema-graph">{"@context":"https:\/\/schema.org","@graph":[{"@type":"WebPage","@id":"https:\/\/declicjeunes83.fr\/home\/?page_id=91","url":"https:\/\/declicjeunes83.fr\/home\/?page_id=91","name":"Politique de confidentialité - Declic Jeunes 83","isPartOf":{"@id":"https:\/\/declicjeunes83.fr\/home\/#website"},"datePublished":"2021-07-07T08:51:32+00:00","dateModified":"2021-10-19T14:10:08+00:00","breadcrumb":{"@id":"https:\/\/declicjeunes83.fr\/home\/?page_id=91#breadcrumb"},"inLanguage":"fr-FR","potentialAction":[{"@type":"ReadAction","target":["https:\/\/declicjeunes83.fr\/home\/?page_id=91"]}]},{"@type":"BreadcrumbList","@id":"https:\/\/declicjeunes83.fr\/home\/?page_id=91#breadcrumb","itemListElement":[{"@type":"ListItem","position":1,"name":"Accueil","item":"https:\/\/declicjeunes83.fr\/home\/"},{"@type":"ListItem","position":2,"name":"Politique de confidentialité"}]},{"@type":"WebSite","@id":"https:\/\/declicjeunes83.fr\/home\/#website","url":"https:\/\/declicjeunes83.fr\/home\/","name":"Declic Jeunes 83","description":"Une application pour aider les jeunes de 14 à 25 ans, à mieux se repérer et s’orienter dans leur parcours d’insertion sociale et professionnelle","potentialAction":[{"@type":"SearchAction","target":{"@type":"EntryPoint","urlTemplate":"https:\/\/declicjeunes83.fr\/home\/?s={search_term_string}"},"query-input":{"@type":"PropertyValueSpecification","valueRequired":true,"valueName":"search_term_string"}}],"inLanguage":"fr-FR"}]}</script>
<!-- / Yoast SEO plugin. -->

Politique de confidentialité - Declic Jeunes 83

Une application pour aider les jeunes de 14 à 25 ans, à mieux se repérer et s’orienter dans leur parcours d’insertion sociale et professionnelle
